{"id":10,"date":"2023-08-29T15:18:39","date_gmt":"2023-08-29T13:18:39","guid":{"rendered":"https:\/\/epiceriedangla.fr\/test\/mon-compte\/"},"modified":"2023-11-06T10:44:18","modified_gmt":"2023-11-06T08:44:18","slug":"mon-compte-epiceire-dangla-romainville-circuit-c","status":"publish","type":"page","link":"https:\/\/epiceriedangla.fr\/test\/mon-compte-epiceire-dangla-romainville-circuit-c\/","title":{"rendered":"Mon compte"},"content":{"rendered":"\t\t<div data-elementor-type=\"wp-page\" data-elementor-id=\"10\" class=\"elementor elementor-10\">\n\t\t\t\t\t\t\t\t\t<section class=\"elementor-section elementor-top-section elementor-element elementor-element-3f7127b0 elementor-section-boxed elementor-section-height-default elementor-section-height-default\" data-id=\"3f7127b0\" data-element_type=\"section\">\n\t\t\t\t\t\t<div class=\"elementor-container elementor-column-gap-default\">\n\t\t\t\t\t<div class=\"elementor-column elementor-col-100 elementor-top-column elementor-element elementor-element-35c4b8dd\" data-id=\"35c4b8dd\" data-element_type=\"column\">\n\t\t\t<div class=\"elementor-widget-wrap elementor-element-populated\">\n\t\t\t\t\t\t\t\t<div class=\"elementor-element elementor-element-622e4f3 elementor-widget elementor-widget-heading\" data-id=\"622e4f3\" data-element_type=\"widget\" data-widget_type=\"heading.default\">\n\t\t\t\t<div class=\"elementor-widget-container\">\n\t\t\t<style>\/*! elementor - v3.17.0 - 08-11-2023 *\/\n.elementor-heading-title{padding:0;margin:0;line-height:1}.elementor-widget-heading .elementor-heading-title[class*=elementor-size-]>a{color:inherit;font-size:inherit;line-height:inherit}.elementor-widget-heading .elementor-heading-title.elementor-size-small{font-size:15px}.elementor-widget-heading .elementor-heading-title.elementor-size-medium{font-size:19px}.elementor-widget-heading .elementor-heading-title.elementor-size-large{font-size:29px}.elementor-widget-heading .elementor-heading-title.elementor-size-xl{font-size:39px}.elementor-widget-heading .elementor-heading-title.elementor-size-xxl{font-size:59px}<\/style><h2 class=\"elementor-heading-title elementor-size-default\">Bienvenue sur votre espace personnel<\/h2>\t\t<\/div>\n\t\t\t\t<\/div>\n\t\t\t\t<div class=\"elementor-element elementor-element-541d0db elementor-widget-divider--view-line elementor-widget elementor-widget-divider\" data-id=\"541d0db\" data-element_type=\"widget\" data-widget_type=\"divider.default\">\n\t\t\t\t<div class=\"elementor-widget-container\">\n\t\t\t<style>\/*! elementor - v3.17.0 - 08-11-2023 *\/\n.elementor-widget-divider{--divider-border-style:none;--divider-border-width:1px;--divider-color:#0c0d0e;--divider-icon-size:20px;--divider-element-spacing:10px;--divider-pattern-height:24px;--divider-pattern-size:20px;--divider-pattern-url:none;--divider-pattern-repeat:repeat-x}.elementor-widget-divider .elementor-divider{display:flex}.elementor-widget-divider .elementor-divider__text{font-size:15px;line-height:1;max-width:95%}.elementor-widget-divider .elementor-divider__element{margin:0 var(--divider-element-spacing);flex-shrink:0}.elementor-widget-divider .elementor-icon{font-size:var(--divider-icon-size)}.elementor-widget-divider .elementor-divider-separator{display:flex;margin:0;direction:ltr}.elementor-widget-divider--view-line_icon .elementor-divider-separator,.elementor-widget-divider--view-line_text .elementor-divider-separator{align-items:center}.elementor-widget-divider--view-line_icon .elementor-divider-separator:after,.elementor-widget-divider--view-line_icon .elementor-divider-separator:before,.elementor-widget-divider--view-line_text .elementor-divider-separator:after,.elementor-widget-divider--view-line_text .elementor-divider-separator:before{display:block;content:\"\";border-bottom:0;flex-grow:1;border-top:var(--divider-border-width) var(--divider-border-style) var(--divider-color)}.elementor-widget-divider--element-align-left .elementor-divider .elementor-divider-separator>.elementor-divider__svg:first-of-type{flex-grow:0;flex-shrink:100}.elementor-widget-divider--element-align-left .elementor-divider-separator:before{content:none}.elementor-widget-divider--element-align-left .elementor-divider__element{margin-left:0}.elementor-widget-divider--element-align-right .elementor-divider .elementor-divider-separator>.elementor-divider__svg:last-of-type{flex-grow:0;flex-shrink:100}.elementor-widget-divider--element-align-right .elementor-divider-separator:after{content:none}.elementor-widget-divider--element-align-right .elementor-divider__element{margin-right:0}.elementor-widget-divider:not(.elementor-widget-divider--view-line_text):not(.elementor-widget-divider--view-line_icon) .elementor-divider-separator{border-top:var(--divider-border-width) var(--divider-border-style) var(--divider-color)}.elementor-widget-divider--separator-type-pattern{--divider-border-style:none}.elementor-widget-divider--separator-type-pattern.elementor-widget-divider--view-line .elementor-divider-separator,.elementor-widget-divider--separator-type-pattern:not(.elementor-widget-divider--view-line) .elementor-divider-separator:after,.elementor-widget-divider--separator-type-pattern:not(.elementor-widget-divider--view-line) .elementor-divider-separator:before,.elementor-widget-divider--separator-type-pattern:not([class*=elementor-widget-divider--view]) .elementor-divider-separator{width:100%;min-height:var(--divider-pattern-height);-webkit-mask-size:var(--divider-pattern-size) 100%;mask-size:var(--divider-pattern-size) 100%;-webkit-mask-repeat:var(--divider-pattern-repeat);mask-repeat:var(--divider-pattern-repeat);background-color:var(--divider-color);-webkit-mask-image:var(--divider-pattern-url);mask-image:var(--divider-pattern-url)}.elementor-widget-divider--no-spacing{--divider-pattern-size:auto}.elementor-widget-divider--bg-round{--divider-pattern-repeat:round}.rtl .elementor-widget-divider .elementor-divider__text{direction:rtl}.e-con-inner>.elementor-widget-divider,.e-con>.elementor-widget-divider{width:var(--container-widget-width,100%);--flex-grow:var(--container-widget-flex-grow)}<\/style>\t\t<div class=\"elementor-divider\">\n\t\t\t<span class=\"elementor-divider-separator\">\n\t\t\t\t\t\t<\/span>\n\t\t<\/div>\n\t\t\t\t<\/div>\n\t\t\t\t<\/div>\n\t\t\t\t<div class=\"elementor-element elementor-element-590d262d elementor-widget elementor-widget-text-editor\" data-id=\"590d262d\" data-element_type=\"widget\" data-widget_type=\"text-editor.default\">\n\t\t\t\t<div class=\"elementor-widget-container\">\n\t\t\t<style>\/*! elementor - v3.17.0 - 08-11-2023 *\/\n.elementor-widget-text-editor.elementor-drop-cap-view-stacked .elementor-drop-cap{background-color:#69727d;color:#fff}.elementor-widget-text-editor.elementor-drop-cap-view-framed .elementor-drop-cap{color:#69727d;border:3px solid;background-color:transparent}.elementor-widget-text-editor:not(.elementor-drop-cap-view-default) .elementor-drop-cap{margin-top:8px}.elementor-widget-text-editor:not(.elementor-drop-cap-view-default) .elementor-drop-cap-letter{width:1em;height:1em}.elementor-widget-text-editor .elementor-drop-cap{float:left;text-align:center;line-height:1;font-size:50px}.elementor-widget-text-editor .elementor-drop-cap-letter{display:inline-block}<\/style>\t\t\t\t<!-- wp:shortcode --><div class=\"woocommerce\"><\/div><!-- \/wp:shortcode -->\t\t\t\t\t\t<\/div>\n\t\t\t\t<\/div>\n\t\t\t\t\t<\/div>\n\t\t<\/div>\n\t\t\t\t\t\t\t<\/div>\n\t\t<\/section>\n\t\t\t\t\t\t\t<\/div>\n\t\t","protected":false},"excerpt":{"rendered":"<p>Bienvenue sur votre espace personnel<\/p>\n","protected":false},"author":1,"featured_media":0,"parent":0,"menu_order":0,"comment_status":"closed","ping_status":"closed","template":"","meta":{"footnotes":""},"class_list":["post-10","page","type-page","status-publish","hentry"],"yoast_head":"<!-- This site is optimized with the Yoast SEO plugin v21.5 - https:\/\/yoast.com\/wordpress\/plugins\/seo\/ -->\n<title>Mon compte | Epicerie Dangla Circuit Court Romainville<\/title>\n<meta name=\"description\" content=\"Connectez vous \u00e0 votre compte \u00e9picerie Dangla pour consulter l&#039;historique de vos commandes et g\u00e9rer vos informations personnelles.\" \/>\n<meta name=\"robots\" content=\"index, follow, max-snippet:-1, max-image-preview:large, max-video-preview:-1\" \/>\n<link rel=\"canonical\" href=\"https:\/\/epiceriedangla.fr\/test\/mon-compte-epiceire-dangla-romainville-circuit-c\/\" \/>\n<meta property=\"og:locale\" content=\"fr_FR\" \/>\n<meta property=\"og:type\" content=\"article\" \/>\n<meta property=\"og:title\" content=\"Mon compte | Epicerie Dangla Circuit Court Romainville\" \/>\n<meta property=\"og:description\" content=\"Connectez vous \u00e0 votre compte \u00e9picerie Dangla pour consulter l&#039;historique de vos commandes et g\u00e9rer vos informations personnelles.\" \/>\n<meta property=\"og:url\" content=\"https:\/\/epiceriedangla.fr\/test\/mon-compte-epiceire-dangla-romainville-circuit-c\/\" \/>\n<meta property=\"og:site_name\" content=\"Dangla\" \/>\n<meta property=\"article:modified_time\" content=\"2023-11-06T08:44:18+00:00\" \/>\n<meta name=\"twitter:card\" content=\"summary_large_image\" \/>\n<meta name=\"twitter:label1\" content=\"Dur\u00e9e de lecture estim\u00e9e\" \/>\n\t<meta name=\"twitter:data1\" content=\"1 minute\" \/>\n<script type=\"application\/ld+json\" class=\"yoast-schema-graph\">{\"@context\":\"https:\/\/schema.org\",\"@graph\":[{\"@type\":\"WebPage\",\"@id\":\"https:\/\/epiceriedangla.fr\/test\/mon-compte-epiceire-dangla-romainville-circuit-c\/\",\"url\":\"https:\/\/epiceriedangla.fr\/test\/mon-compte-epiceire-dangla-romainville-circuit-c\/\",\"name\":\"Mon compte | Epicerie Dangla Circuit Court Romainville\",\"isPartOf\":{\"@id\":\"https:\/\/epiceriedangla.fr\/test\/#website\"},\"datePublished\":\"2023-08-29T13:18:39+00:00\",\"dateModified\":\"2023-11-06T08:44:18+00:00\",\"description\":\"Connectez vous \u00e0 votre compte \u00e9picerie Dangla pour consulter l'historique de vos commandes et g\u00e9rer vos informations personnelles.\",\"inLanguage\":\"fr-FR\",\"potentialAction\":[{\"@type\":\"ReadAction\",\"target\":[\"https:\/\/epiceriedangla.fr\/test\/mon-compte-epiceire-dangla-romainville-circuit-c\/\"]}]},{\"@type\":\"WebSite\",\"@id\":\"https:\/\/epiceriedangla.fr\/test\/#website\",\"url\":\"https:\/\/epiceriedangla.fr\/test\/\",\"name\":\"Epicerie Dangla\",\"description\":\"Petite \u00e9picerie de quartier\",\"publisher\":{\"@id\":\"https:\/\/epiceriedangla.fr\/test\/#organization\"},\"potentialAction\":[{\"@type\":\"SearchAction\",\"target\":{\"@type\":\"EntryPoint\",\"urlTemplate\":\"https:\/\/epiceriedangla.fr\/test\/?s={search_term_string}\"},\"query-input\":\"required name=search_term_string\"}],\"inLanguage\":\"fr-FR\"},{\"@type\":\"Organization\",\"@id\":\"https:\/\/epiceriedangla.fr\/test\/#organization\",\"name\":\"Epicerie Dangla\",\"url\":\"https:\/\/epiceriedangla.fr\/test\/\",\"logo\":{\"@type\":\"ImageObject\",\"inLanguage\":\"fr-FR\",\"@id\":\"https:\/\/epiceriedangla.fr\/test\/#\/schema\/logo\/image\/\",\"url\":\"https:\/\/epiceriedangla.fr\/test\/wp-content\/uploads\/2023\/08\/logoblanc-dangla.png\",\"contentUrl\":\"https:\/\/epiceriedangla.fr\/test\/wp-content\/uploads\/2023\/08\/logoblanc-dangla.png\",\"width\":1158,\"height\":1300,\"caption\":\"Epicerie Dangla\"},\"image\":{\"@id\":\"https:\/\/epiceriedangla.fr\/test\/#\/schema\/logo\/image\/\"}}]}<\/script>\n<!-- \/ Yoast SEO plugin. -->","yoast_head_json":{"title":"Mon compte | Epicerie Dangla Circuit Court Romainville","description":"Connectez vous \u00e0 votre compte \u00e9picerie Dangla pour consulter l'historique de vos commandes et g\u00e9rer vos informations personnelles.","robots":{"index":"index","follow":"follow","max-snippet":"max-snippet:-1","max-image-preview":"max-image-preview:large","max-video-preview":"max-video-preview:-1"},"canonical":"https:\/\/epiceriedangla.fr\/test\/mon-compte-epiceire-dangla-romainville-circuit-c\/","og_locale":"fr_FR","og_type":"article","og_title":"Mon compte | Epicerie Dangla Circuit Court Romainville","og_description":"Connectez vous \u00e0 votre compte \u00e9picerie Dangla pour consulter l'historique de vos commandes et g\u00e9rer vos informations personnelles.","og_url":"https:\/\/epiceriedangla.fr\/test\/mon-compte-epiceire-dangla-romainville-circuit-c\/","og_site_name":"Dangla","article_modified_time":"2023-11-06T08:44:18+00:00","twitter_card":"summary_large_image","twitter_misc":{"Dur\u00e9e de lecture estim\u00e9e":"1 minute"},"schema":{"@context":"https:\/\/schema.org","@graph":[{"@type":"WebPage","@id":"https:\/\/epiceriedangla.fr\/test\/mon-compte-epiceire-dangla-romainville-circuit-c\/","url":"https:\/\/epiceriedangla.fr\/test\/mon-compte-epiceire-dangla-romainville-circuit-c\/","name":"Mon compte | Epicerie Dangla Circuit Court Romainville","isPartOf":{"@id":"https:\/\/epiceriedangla.fr\/test\/#website"},"datePublished":"2023-08-29T13:18:39+00:00","dateModified":"2023-11-06T08:44:18+00:00","description":"Connectez vous \u00e0 votre compte \u00e9picerie Dangla pour consulter l'historique de vos commandes et g\u00e9rer vos informations personnelles.","inLanguage":"fr-FR","potentialAction":[{"@type":"ReadAction","target":["https:\/\/epiceriedangla.fr\/test\/mon-compte-epiceire-dangla-romainville-circuit-c\/"]}]},{"@type":"WebSite","@id":"https:\/\/epiceriedangla.fr\/test\/#website","url":"https:\/\/epiceriedangla.fr\/test\/","name":"Epicerie Dangla","description":"Petite \u00e9picerie de quartier","publisher":{"@id":"https:\/\/epiceriedangla.fr\/test\/#organization"},"potentialAction":[{"@type":"SearchAction","target":{"@type":"EntryPoint","urlTemplate":"https:\/\/epiceriedangla.fr\/test\/?s={search_term_string}"},"query-input":"required name=search_term_string"}],"inLanguage":"fr-FR"},{"@type":"Organization","@id":"https:\/\/epiceriedangla.fr\/test\/#organization","name":"Epicerie Dangla","url":"https:\/\/epiceriedangla.fr\/test\/","logo":{"@type":"ImageObject","inLanguage":"fr-FR","@id":"https:\/\/epiceriedangla.fr\/test\/#\/schema\/logo\/image\/","url":"https:\/\/epiceriedangla.fr\/test\/wp-content\/uploads\/2023\/08\/logoblanc-dangla.png","contentUrl":"https:\/\/epiceriedangla.fr\/test\/wp-content\/uploads\/2023\/08\/logoblanc-dangla.png","width":1158,"height":1300,"caption":"Epicerie Dangla"},"image":{"@id":"https:\/\/epiceriedangla.fr\/test\/#\/schema\/logo\/image\/"}}]}},"_links":{"self":[{"href":"https:\/\/epiceriedangla.fr\/test\/wp-json\/wp\/v2\/pages\/10","targetHints":{"allow":["GET"]}}],"collection":[{"href":"https:\/\/epiceriedangla.fr\/test\/wp-json\/wp\/v2\/pages"}],"about":[{"href":"https:\/\/epiceriedangla.fr\/test\/wp-json\/wp\/v2\/types\/page"}],"author":[{"embeddable":true,"href":"https:\/\/epiceriedangla.fr\/test\/wp-json\/wp\/v2\/users\/1"}],"replies":[{"embeddable":true,"href":"https:\/\/epiceriedangla.fr\/test\/wp-json\/wp\/v2\/comments?post=10"}],"version-history":[{"count":5,"href":"https:\/\/epiceriedangla.fr\/test\/wp-json\/wp\/v2\/pages\/10\/revisions"}],"predecessor-version":[{"id":1599,"href":"https:\/\/epiceriedangla.fr\/test\/wp-json\/wp\/v2\/pages\/10\/revisions\/1599"}],"wp:attachment":[{"href":"https:\/\/epiceriedangla.fr\/test\/wp-json\/wp\/v2\/media?parent=10"}],"curies":[{"name":"wp","href":"https:\/\/api.w.org\/{rel}","templated":true}]}}